{"id":5256,"date":"2017-04-03T14:13:50","date_gmt":"2017-04-03T12:13:50","guid":{"rendered":"http:\/\/zsdpb.edu.pl\/?page_id=5256"},"modified":"2024-09-10T08:23:53","modified_gmt":"2024-09-10T06:23:53","slug":"kontakt","status":"publish","type":"page","link":"https:\/\/zsdpb.edu.pl\/index.php\/kontakt\/","title":{"rendered":"Kontakt"},"content":{"rendered":"<p><strong>Dzia\u0142 Maj\u0105tkowy,<\/strong><br \/>\nBudynek Og\u00f3lnotechniczny,<br \/>\nul. Wiejska 45A,<br \/>\n15-351 Bia\u0142ystok, pok\u00f3j nr 25.<\/p>\n<p>&nbsp;<\/p>\n<p>W przypadku pyta\u0144 prosimy dzwoni\u0107 od poniedzia\u0142ku do pi\u0105tku<br \/>\nw godzinach <strong>7:30-15:30<br \/>\n<\/strong>pod numer telefonu <strong>(85) 746 91 72\/73<br \/>\n<\/strong>lub pisa\u0107 na adres\u00a0 e-mail: <a href=\"mailto:zagospodarowanie@pb.edu.pl\"><strong>zagospodarowanie@pb.edu.pl<\/strong><\/a><strong>;\u00a0<\/strong><a href=\"mailto:sprzedaz@pb.edu.pl\"><strong>sprzedaz@pb.edu.pl<\/strong><\/a><\/p>\n<p>&nbsp;<\/p>\n<p><span style=\"font-size: 12pt;\"><strong>mgr Magdalena Kondracka\u00a0<\/strong><\/span><\/p>\n<p><span style=\"font-size: 12pt;\"><strong>mgr Barbara Kowalska<\/strong><\/span><\/p>\n<p><strong>Agnieszka Kuprijanowicz<\/strong><\/p>\n<p>&nbsp;<\/p>\n<p>Politechnika Bia\u0142ostocka<\/p>\n<p>Wiejska 45A, 15-351 Bia\u0142ystok<br \/>\nREGON: 000001672 NIP: 542-020-87-21<br \/>\ntel.: (85) 746-91-72<\/p>\n<p><strong>Jak do nas dojecha\u0107:<\/strong><\/p>\n","protected":false},"excerpt":{"rendered":"<p>Dzia\u0142 Maj\u0105tkowy, Budynek Og\u00f3lnotechniczny, ul. Wiejska 45A, 15-351 Bia\u0142ystok, pok\u00f3j nr 25. &nbsp; W przypadku pyta\u0144 prosimy dzwoni\u0107 od poniedzia\u0142ku do pi\u0105tku w godzinach 7:30-15:30 pod numer telefonu (85) 746 91 72\/73 lub pisa\u0107 na adres\u00a0 e-mail: zagospodarowanie@pb.edu.pl;\u00a0sprzedaz@pb.edu.pl &nbsp; mgr Magdalena Kondracka\u00a0 mgr Barbara Kowalska Agnieszka Kuprijanowicz &nbsp; Politechnika Bia\u0142ostocka [\u2026] <\/p>\n<div class=\"clear\"><\/div>\n<p><a class=\"more_link clearfix\" href=\"https:\/\/zsdpb.edu.pl\/index.php\/kontakt\/\" rel=\"nofollow\">Read More<\/a><\/p>\n","protected":false},"author":1,"featured_media":0,"parent":0,"menu_order":0,"comment_status":"closed","ping_status":"closed","template":"","meta":{"footnotes":""},"class_list":["post-5256","page","type-page","status-publish","hentry"],"publishpress_future_action":{"enabled":false,"date":"2026-05-12 11:14:33","action":"change-status","newStatus":"draft","terms":[],"taxonomy":"","extraData":[]},"publishpress_future_workflow_manual_trigger":{"enabledWorkflows":[]},"_links":{"self":[{"href":"https:\/\/zsdpb.edu.pl\/index.php\/wp-json\/wp\/v2\/pages\/5256","targetHints":{"allow":["GET"]}}],"collection":[{"href":"https:\/\/zsdpb.edu.pl\/index.php\/wp-json\/wp\/v2\/pages"}],"about":[{"href":"https:\/\/zsdpb.edu.pl\/index.php\/wp-json\/wp\/v2\/types\/page"}],"author":[{"embeddable":true,"href":"https:\/\/zsdpb.edu.pl\/index.php\/wp-json\/wp\/v2\/users\/1"}],"replies":[{"embeddable":true,"href":"https:\/\/zsdpb.edu.pl\/index.php\/wp-json\/wp\/v2\/comments?post=5256"}],"version-history":[{"count":17,"href":"https:\/\/zsdpb.edu.pl\/index.php\/wp-json\/wp\/v2\/pages\/5256\/revisions"}],"predecessor-version":[{"id":15458,"href":"https:\/\/zsdpb.edu.pl\/index.php\/wp-json\/wp\/v2\/pages\/5256\/revisions\/15458"}],"wp:attachment":[{"href":"https:\/\/zsdpb.edu.pl\/index.php\/wp-json\/wp\/v2\/media?parent=5256"}],"curies":[{"name":"wp","href":"https:\/\/api.w.org\/{rel}","templated":true}]}}