{"id":13551,"date":"2022-11-15T09:50:06","date_gmt":"2022-11-15T08:50:06","guid":{"rendered":"https:\/\/zsdpb.edu.pl\/?post_type=product&#038;p=13551"},"modified":"2022-12-19T09:24:39","modified_gmt":"2022-12-19T08:24:39","slug":"notebook-dell-inspirion-n5110-138-2022-37","status":"publish","type":"product","link":"https:\/\/zsdpb.edu.pl\/index.php\/produkt\/notebook-dell-inspirion-n5110-138-2022-37\/","title":{"rendered":"NOTEBOOK DELL INSPIRION N5110 [138\/2022\/37]"},"content":{"rendered":"<ul>\n<li>NOTEBOOK DELL INSPIRION N5110 wyprodukowany w 2011 roku.<\/li>\n<li>Parametry w momencie zakupu: NOTEBOOK DELL INSPIRION N5110 i3-2310M 4GB 500GB ATI HD6470M NO OS.<\/li>\n<li>Sprawny.<\/li>\n<li>Sk\u0142adnik maj\u0105tkowy znajduje si\u0119 w Uczelnianym Centrum Informatycznym.<\/li>\n<li>Osob\u0105 odpowiedzialn\u0105 materialnie (przekazuj\u0105c\u0105) jest Pan Marek Opacki.\n<p style=\"text-align: center\"><span style=\"color: #ff0000\"><u>PROPOZYCJA JEDYNIE DLA PRACOWNIK\u00d3W JEDNOSTEK POLITECHNIKI BIA\u0141OSTOCKIEJ.<\/u><\/span><\/p>\n<p style=\"text-align: center\"><span style=\"color: #0000ff\">Przed wys\u0142aniem zg\u0142oszenia o ch\u0119ci zagospodarowania prosimy porozumie\u0107 si\u0119 w tym wzgl\u0119dzie z osob\u0105 materialnie odpowiedzialn\u0105, na stan kt\u00f3rej sk\u0142adnik maj\u0105tkowy przejdzie.<\/span><\/p>\n<p style=\"text-align: center\"><span style=\"color: #0000ff\">Zapraszamy tak\u017ce do wcze\u015bniejszego obejrzenia sk\u0142adnika maj\u0105tkowego.<\/span><\/p>\n<\/li>\n<\/ul>\n","protected":false},"excerpt":{"rendered":"<p>NOTEBOOK DELL INSPIRION N5110 wyprodukowany w 2011 roku. Parametry w momencie zakupu: NOTEBOOK DELL INSPIRION N5110 i3-2310M 4GB 500GB ATI HD6470M NO OS. Sprawny. Sk\u0142adnik maj\u0105tkowy znajduje si\u0119 w Uczelnianym Centrum Informatycznym. Osob\u0105 odpowiedzialn\u0105 materialnie (przekazuj\u0105c\u0105) jest Pan Marek Opacki. PROPOZYCJA JEDYNIE DLA PRACOWNIK\u00d3W JEDNOSTEK POLITECHNIKI BIA\u0141OSTOCKIEJ. Przed wys\u0142aniem zg\u0142oszenia [\u2026] <\/p>\n<div class=\"clear\"><\/div>\n<p><a class=\"more_link clearfix\" href=\"https:\/\/zsdpb.edu.pl\/index.php\/produkt\/notebook-dell-inspirion-n5110-138-2022-37\/\" rel=\"nofollow\">Read More<\/a><\/p>\n","protected":false},"featured_media":13552,"comment_status":"closed","ping_status":"closed","template":"","meta":[],"product_brand":[],"product_cat":[41],"product_tag":[],"class_list":{"0":"post-13551","1":"product","2":"type-product","3":"status-publish","4":"has-post-thumbnail","6":"product_cat-bez-kategorii","8":"first","9":"outofstock","10":"shipping-taxable","11":"purchasable","12":"product-type-simple"},"publishpress_future_action":{"enabled":false,"date":"2026-05-05 00:40:16","action":"change-status","newStatus":"draft","terms":[],"taxonomy":"product_cat","extraData":[]},"publishpress_future_workflow_manual_trigger":{"enabledWorkflows":[]},"_links":{"self":[{"href":"https:\/\/zsdpb.edu.pl\/index.php\/wp-json\/wp\/v2\/product\/13551","targetHints":{"allow":["GET"]}}],"collection":[{"href":"https:\/\/zsdpb.edu.pl\/index.php\/wp-json\/wp\/v2\/product"}],"about":[{"href":"https:\/\/zsdpb.edu.pl\/index.php\/wp-json\/wp\/v2\/types\/product"}],"replies":[{"embeddable":true,"href":"https:\/\/zsdpb.edu.pl\/index.php\/wp-json\/wp\/v2\/comments?post=13551"}],"wp:featuredmedia":[{"embeddable":true,"href":"https:\/\/zsdpb.edu.pl\/index.php\/wp-json\/wp\/v2\/media\/13552"}],"wp:attachment":[{"href":"https:\/\/zsdpb.edu.pl\/index.php\/wp-json\/wp\/v2\/media?parent=13551"}],"wp:term":[{"taxonomy":"product_brand","embeddable":true,"href":"https:\/\/zsdpb.edu.pl\/index.php\/wp-json\/wp\/v2\/product_brand?post=13551"},{"taxonomy":"product_cat","embeddable":true,"href":"https:\/\/zsdpb.edu.pl\/index.php\/wp-json\/wp\/v2\/product_cat?post=13551"},{"taxonomy":"product_tag","embeddable":true,"href":"https:\/\/zsdpb.edu.pl\/index.php\/wp-json\/wp\/v2\/product_tag?post=13551"}],"curies":[{"name":"wp","href":"https:\/\/api.w.org\/{rel}","templated":true}]}}