{"id":13815,"date":"2023-02-22T08:38:01","date_gmt":"2023-02-22T07:38:01","guid":{"rendered":"https:\/\/zsdpb.edu.pl\/?post_type=product&#038;p=13815"},"modified":"2023-03-30T19:54:26","modified_gmt":"2023-03-30T17:54:26","slug":"komputer-notebook-acer-115-2022-1","status":"publish","type":"product","link":"https:\/\/zsdpb.edu.pl\/index.php\/produkt\/komputer-notebook-acer-115-2022-1\/","title":{"rendered":"KOMPUTER NOTEBOOK ACER (115\/2022\/1)"},"content":{"rendered":"<ul>\n<li><span style=\"color: #000000\">KOMPUTER NOTEBOOK ACER wyprodukowany w 2005 roku.<\/span><\/li>\n<li><span style=\"color: #000000\">Sprawny, w komplecie: zasilacz, torba.<\/span><\/li>\n<li><span style=\"color: #000000\">Parametry w momencie zakupu: PR.CENTRINO 1600,512MB RAM,80GB,DVD-RW,K.GR.NVIDIA,GEFORCE 64MB,K.S.1\/100MBPS,BLUETOOTH ZINT.,WIN XP PRO, OFFICE 2003 PRO MOLP,TORBA &#8211; NR FABR: 1XT840603752820841ED00 TYP: ACER TRAVELMATE 4651LMI.<\/span><\/li>\n<li><span style=\"color: #000000\">Parametry wskazane przez osob\u0119 odpowiedzialn\u0105 materialnie: Procesor &#8211; Intel Pentium (R)M 1,60 GHz, RAM &#8211; 1 GB, Dysk &#8211; 80 GB, System &#8211; XP 32 bit.<\/span><\/li>\n<li><span style=\"color: #000000\">Sprz\u0119t pozbawiony no\u015bnik\u00f3w magnetycznych i licencji.<\/span><\/li>\n<\/ul>\n","protected":false},"excerpt":{"rendered":"<p>KOMPUTER NOTEBOOK ACER wyprodukowany w 2005 roku. Sprawny, w komplecie: zasilacz, torba. Parametry w momencie zakupu: PR.CENTRINO 1600,512MB RAM,80GB,DVD-RW,K.GR.NVIDIA,GEFORCE 64MB,K.S.1\/100MBPS,BLUETOOTH ZINT.,WIN XP PRO, OFFICE 2003 PRO MOLP,TORBA &#8211; NR FABR: 1XT840603752820841ED00 TYP: ACER TRAVELMATE 4651LMI. Parametry wskazane przez osob\u0119 odpowiedzialn\u0105 materialnie: Procesor &#8211; Intel Pentium (R)M 1,60 GHz, RAM &#8211; [\u2026] <\/p>\n<div class=\"clear\"><\/div>\n<p><a class=\"more_link clearfix\" href=\"https:\/\/zsdpb.edu.pl\/index.php\/produkt\/komputer-notebook-acer-115-2022-1\/\" rel=\"nofollow\">Read More<\/a><\/p>\n","protected":false},"featured_media":13816,"comment_status":"closed","ping_status":"closed","template":"","meta":[],"product_brand":[],"product_cat":[40],"product_tag":[],"class_list":{"0":"post-13815","1":"product","2":"type-product","3":"status-publish","4":"has-post-thumbnail","6":"product_cat-sprzedaz","8":"first","9":"outofstock","10":"sold-individually","11":"shipping-taxable","12":"product-type-auction"},"publishpress_future_action":{"enabled":false,"date":"2026-04-16 01:40:18","action":"change-status","newStatus":"draft","terms":[],"taxonomy":"product_cat","extraData":[]},"publishpress_future_workflow_manual_trigger":{"enabledWorkflows":[]},"_links":{"self":[{"href":"https:\/\/zsdpb.edu.pl\/index.php\/wp-json\/wp\/v2\/product\/13815","targetHints":{"allow":["GET"]}}],"collection":[{"href":"https:\/\/zsdpb.edu.pl\/index.php\/wp-json\/wp\/v2\/product"}],"about":[{"href":"https:\/\/zsdpb.edu.pl\/index.php\/wp-json\/wp\/v2\/types\/product"}],"replies":[{"embeddable":true,"href":"https:\/\/zsdpb.edu.pl\/index.php\/wp-json\/wp\/v2\/comments?post=13815"}],"wp:featuredmedia":[{"embeddable":true,"href":"https:\/\/zsdpb.edu.pl\/index.php\/wp-json\/wp\/v2\/media\/13816"}],"wp:attachment":[{"href":"https:\/\/zsdpb.edu.pl\/index.php\/wp-json\/wp\/v2\/media?parent=13815"}],"wp:term":[{"taxonomy":"product_brand","embeddable":true,"href":"https:\/\/zsdpb.edu.pl\/index.php\/wp-json\/wp\/v2\/product_brand?post=13815"},{"taxonomy":"product_cat","embeddable":true,"href":"https:\/\/zsdpb.edu.pl\/index.php\/wp-json\/wp\/v2\/product_cat?post=13815"},{"taxonomy":"product_tag","embeddable":true,"href":"https:\/\/zsdpb.edu.pl\/index.php\/wp-json\/wp\/v2\/product_tag?post=13815"}],"curies":[{"name":"wp","href":"https:\/\/api.w.org\/{rel}","templated":true}]}}