{"id":17724,"date":"2026-02-24T10:06:00","date_gmt":"2026-02-24T09:06:00","guid":{"rendered":"https:\/\/zsdpb.edu.pl\/?post_type=product&#038;p=17724"},"modified":"2026-04-14T13:14:37","modified_gmt":"2026-04-14T11:14:37","slug":"kuweta-grafitowa-gbc-gf5000-16-2026-2","status":"publish","type":"product","link":"https:\/\/zsdpb.edu.pl\/index.php\/produkt\/kuweta-grafitowa-gbc-gf5000-16-2026-2\/","title":{"rendered":"KUWETA GRAFITOWA GBC GF5000 [16\/2026\/2]"},"content":{"rendered":"<ul>\n<li>Kuweta grafitowa GBC GF5000 wyprodukowana w 2011 roku.<\/li>\n<li>Zgodnie z opini\u0105 serwisu: firma GBC nie wspiera ju\u017c w zakresie cz\u0119\u015bci zamiennych oraz aktualizacji oprogramowania urz\u0105dzenia. KUWETA GRAFITOWA GF5000 nosi \u015blady korozji chemicznej co znacznie wp\u0142ywa na prawid\u0142owo\u015b\u0107 i powtarzalno\u015b\u0107 pomiar\u00f3w (pomiary niepowtarzalne o du\u017cym RSD).<\/li>\n<\/ul>\n","protected":false},"excerpt":{"rendered":"<p>Kuweta grafitowa GBC GF5000 wyprodukowana w 2011 roku. Zgodnie z opini\u0105 serwisu: firma GBC nie wspiera ju\u017c w zakresie cz\u0119\u015bci zamiennych oraz aktualizacji oprogramowania urz\u0105dzenia. KUWETA GRAFITOWA GF5000 nosi \u015blady korozji chemicznej co znacznie wp\u0142ywa na prawid\u0142owo\u015b\u0107 i powtarzalno\u015b\u0107 pomiar\u00f3w (pomiary niepowtarzalne o du\u017cym RSD).<\/p>\n","protected":false},"featured_media":17725,"comment_status":"closed","ping_status":"closed","template":"","meta":[],"product_brand":[],"product_cat":[40],"product_tag":[],"class_list":{"0":"post-17724","1":"product","2":"type-product","3":"status-publish","4":"has-post-thumbnail","6":"product_cat-sprzedaz","8":"first","9":"instock","10":"sold-individually","11":"shipping-taxable","12":"product-type-auction"},"publishpress_future_action":{"enabled":false,"date":"2026-04-26 03:53:54","action":"change-status","newStatus":"draft","terms":[],"taxonomy":"product_cat","extraData":[]},"publishpress_future_workflow_manual_trigger":{"enabledWorkflows":[]},"_links":{"self":[{"href":"https:\/\/zsdpb.edu.pl\/index.php\/wp-json\/wp\/v2\/product\/17724","targetHints":{"allow":["GET"]}}],"collection":[{"href":"https:\/\/zsdpb.edu.pl\/index.php\/wp-json\/wp\/v2\/product"}],"about":[{"href":"https:\/\/zsdpb.edu.pl\/index.php\/wp-json\/wp\/v2\/types\/product"}],"replies":[{"embeddable":true,"href":"https:\/\/zsdpb.edu.pl\/index.php\/wp-json\/wp\/v2\/comments?post=17724"}],"wp:featuredmedia":[{"embeddable":true,"href":"https:\/\/zsdpb.edu.pl\/index.php\/wp-json\/wp\/v2\/media\/17725"}],"wp:attachment":[{"href":"https:\/\/zsdpb.edu.pl\/index.php\/wp-json\/wp\/v2\/media?parent=17724"}],"wp:term":[{"taxonomy":"product_brand","embeddable":true,"href":"https:\/\/zsdpb.edu.pl\/index.php\/wp-json\/wp\/v2\/product_brand?post=17724"},{"taxonomy":"product_cat","embeddable":true,"href":"https:\/\/zsdpb.edu.pl\/index.php\/wp-json\/wp\/v2\/product_cat?post=17724"},{"taxonomy":"product_tag","embeddable":true,"href":"https:\/\/zsdpb.edu.pl\/index.php\/wp-json\/wp\/v2\/product_tag?post=17724"}],"curies":[{"name":"wp","href":"https:\/\/api.w.org\/{rel}","templated":true}]}}