{"id":17871,"date":"2026-04-17T13:38:18","date_gmt":"2026-04-17T11:38:18","guid":{"rendered":"https:\/\/zsdpb.edu.pl\/?post_type=product&#038;p=17871"},"modified":"2026-04-17T13:45:22","modified_gmt":"2026-04-17T11:45:22","slug":"walec-prowadzony-v3405-50-2026-8","status":"publish","type":"product","link":"https:\/\/zsdpb.edu.pl\/index.php\/produkt\/walec-prowadzony-v3405-50-2026-8\/","title":{"rendered":"WALEC PROWADZONY V3405 (50\/2026\/8)"},"content":{"rendered":"<ul>\n<li>WALEC PROWADZONY V3405, przyj\u0119ty na ewidencj\u0119 w 2011 roku.<\/li>\n<li>Sprz\u0119t u\u017cywany, do naprawy: brak szarpaka \/ r\u0119cznego rozrusznika, do czyszczenia ga\u017anik, niesprawne ko\u0142o \u2013 brak ci\u015bnienia.<\/li>\n<li>Osob\u0105 odpowiedzialn\u0105 materialnie (przekazuj\u0105c\u0105) jest Pan\u00a0<strong>Bartosz Ostrowski <\/strong>z\u00a0<strong>Katedry Budowy i Eksploatacji Maszyn na Wydziale Mechanicznym.<\/strong>\n<p style=\"text-align: center\"><span style=\"color: #ff0000\"><u>PROPOZYCJA JEDYNIE DLA PRACOWNIK\u00d3W JEDNOSTEK POLITECHNIKI BIA\u0141OSTOCKIEJ.<\/u><\/span><\/p>\n<p style=\"text-align: center\"><span style=\"color: #3366ff\">Przed wys\u0142aniem zg\u0142oszenia o ch\u0119ci zagospodarowania prosimy porozumie\u0107 si\u0119 w tym wzgl\u0119dzie z osob\u0105 materialnie odpowiedzialn\u0105, na stan kt\u00f3rej sk\u0142adnik maj\u0105tkowy przejdzie.<\/span><\/p>\n<p style=\"text-align: center\"><span style=\"color: #3366ff\">Zapraszamy tak\u017ce do wcze\u015bniejszego obejrzenia sk\u0142adnika maj\u0105tkowego.<\/span><\/p>\n<\/li>\n<\/ul>\n<p style=\"font-style: italic;\">Og\u0142oszenie wyga\u015bnie o godzinie: 23:59 dnia:  01-05-2026<\/p>\n","protected":false},"excerpt":{"rendered":"<p>WALEC PROWADZONY V3405, przyj\u0119ty na ewidencj\u0119 w 2011 roku. Sprz\u0119t u\u017cywany, do naprawy: brak szarpaka \/ r\u0119cznego rozrusznika, do czyszczenia ga\u017anik, niesprawne ko\u0142o \u2013 brak ci\u015bnienia. Osob\u0105 odpowiedzialn\u0105 materialnie (przekazuj\u0105c\u0105) jest Pan\u00a0Bartosz Ostrowski z\u00a0Katedry Budowy i Eksploatacji Maszyn na Wydziale Mechanicznym. PROPOZYCJA JEDYNIE DLA PRACOWNIK\u00d3W JEDNOSTEK POLITECHNIKI BIA\u0141OSTOCKIEJ. Przed wys\u0142aniem [\u2026] <\/p>\n<div class=\"clear\"><\/div>\n<p><a class=\"more_link clearfix\" href=\"https:\/\/zsdpb.edu.pl\/index.php\/produkt\/walec-prowadzony-v3405-50-2026-8\/\" rel=\"nofollow\">Read More<\/a><\/p>\n","protected":false},"featured_media":17882,"comment_status":"closed","ping_status":"closed","template":"","meta":[],"product_brand":[],"product_cat":[9],"product_tag":[],"class_list":{"0":"post-17871","1":"product","2":"type-product","3":"status-publish","4":"has-post-thumbnail","6":"product_cat-zagospodarowanie","8":"first","9":"instock","10":"shipping-taxable","11":"purchasable","12":"product-type-simple"},"publishpress_future_action":{"enabled":true,"date":"2026-05-01 23:59:00","action":"change-status","newStatus":"draft","terms":[0],"taxonomy":"product_cat","extraData":[]},"publishpress_future_workflow_manual_trigger":{"enabledWorkflows":[]},"_links":{"self":[{"href":"https:\/\/zsdpb.edu.pl\/index.php\/wp-json\/wp\/v2\/product\/17871","targetHints":{"allow":["GET"]}}],"collection":[{"href":"https:\/\/zsdpb.edu.pl\/index.php\/wp-json\/wp\/v2\/product"}],"about":[{"href":"https:\/\/zsdpb.edu.pl\/index.php\/wp-json\/wp\/v2\/types\/product"}],"replies":[{"embeddable":true,"href":"https:\/\/zsdpb.edu.pl\/index.php\/wp-json\/wp\/v2\/comments?post=17871"}],"wp:featuredmedia":[{"embeddable":true,"href":"https:\/\/zsdpb.edu.pl\/index.php\/wp-json\/wp\/v2\/media\/17882"}],"wp:attachment":[{"href":"https:\/\/zsdpb.edu.pl\/index.php\/wp-json\/wp\/v2\/media?parent=17871"}],"wp:term":[{"taxonomy":"product_brand","embeddable":true,"href":"https:\/\/zsdpb.edu.pl\/index.php\/wp-json\/wp\/v2\/product_brand?post=17871"},{"taxonomy":"product_cat","embeddable":true,"href":"https:\/\/zsdpb.edu.pl\/index.php\/wp-json\/wp\/v2\/product_cat?post=17871"},{"taxonomy":"product_tag","embeddable":true,"href":"https:\/\/zsdpb.edu.pl\/index.php\/wp-json\/wp\/v2\/product_tag?post=17871"}],"curies":[{"name":"wp","href":"https:\/\/api.w.org\/{rel}","templated":true}]}}