{"id":17884,"date":"2026-04-21T14:08:33","date_gmt":"2026-04-21T12:08:33","guid":{"rendered":"https:\/\/zsdpb.edu.pl\/?post_type=product&#038;p=17884"},"modified":"2026-04-21T14:08:33","modified_gmt":"2026-04-21T12:08:33","slug":"notebook-sony-vaio-vpc-f-34-2026-5-2","status":"publish","type":"product","link":"https:\/\/zsdpb.edu.pl\/index.php\/produkt\/notebook-sony-vaio-vpc-f-34-2026-5-2\/","title":{"rendered":"NOTEBOOK SONY VAIO VPC-F [34\/2026\/5]"},"content":{"rendered":"<ul>\n<li>NOTEBOOK SONY VAIO VPC-F wyprodukowany w 2011 roku.<\/li>\n<li>Uszkodzony, nie w\u0142\u0105cza si\u0119, brak dysku.<\/li>\n<li>Sk\u0142adnik maj\u0105tkowy pozbawiony no\u015bnika danych i licencji.<\/li>\n<\/ul>\n<p style=\"font-style: italic;\">Og\u0142oszenie wyga\u015bnie o godzinie: 23:59 dnia:  05-05-2026<\/p>\n","protected":false},"excerpt":{"rendered":"<p>NOTEBOOK SONY VAIO VPC-F wyprodukowany w 2011 roku. Uszkodzony, nie w\u0142\u0105cza si\u0119, brak dysku. Sk\u0142adnik maj\u0105tkowy pozbawiony no\u015bnika danych i licencji. Og\u0142oszenie wyga\u015bnie o godzinie: 23:59 dnia: 05-05-2026<\/p>\n","protected":false},"featured_media":17744,"comment_status":"closed","ping_status":"closed","template":"","meta":[],"product_brand":[],"product_cat":[10],"product_tag":[],"class_list":{"0":"post-17884","1":"product","2":"type-product","3":"status-publish","4":"has-post-thumbnail","6":"product_cat-darowizna","8":"first","9":"instock","10":"shipping-taxable","11":"purchasable","12":"product-type-simple"},"publishpress_future_action":{"enabled":true,"date":"2026-05-05 23:59:00","action":"change-status","newStatus":"draft","terms":[0],"taxonomy":"product_cat","extraData":[]},"publishpress_future_workflow_manual_trigger":{"enabledWorkflows":[]},"_links":{"self":[{"href":"https:\/\/zsdpb.edu.pl\/index.php\/wp-json\/wp\/v2\/product\/17884","targetHints":{"allow":["GET"]}}],"collection":[{"href":"https:\/\/zsdpb.edu.pl\/index.php\/wp-json\/wp\/v2\/product"}],"about":[{"href":"https:\/\/zsdpb.edu.pl\/index.php\/wp-json\/wp\/v2\/types\/product"}],"replies":[{"embeddable":true,"href":"https:\/\/zsdpb.edu.pl\/index.php\/wp-json\/wp\/v2\/comments?post=17884"}],"wp:featuredmedia":[{"embeddable":true,"href":"https:\/\/zsdpb.edu.pl\/index.php\/wp-json\/wp\/v2\/media\/17744"}],"wp:attachment":[{"href":"https:\/\/zsdpb.edu.pl\/index.php\/wp-json\/wp\/v2\/media?parent=17884"}],"wp:term":[{"taxonomy":"product_brand","embeddable":true,"href":"https:\/\/zsdpb.edu.pl\/index.php\/wp-json\/wp\/v2\/product_brand?post=17884"},{"taxonomy":"product_cat","embeddable":true,"href":"https:\/\/zsdpb.edu.pl\/index.php\/wp-json\/wp\/v2\/product_cat?post=17884"},{"taxonomy":"product_tag","embeddable":true,"href":"https:\/\/zsdpb.edu.pl\/index.php\/wp-json\/wp\/v2\/product_tag?post=17884"}],"curies":[{"name":"wp","href":"https:\/\/api.w.org\/{rel}","templated":true}]}}