{"id":17897,"date":"2026-05-13T12:43:52","date_gmt":"2026-05-13T10:43:52","guid":{"rendered":"https:\/\/zsdpb.edu.pl\/?post_type=product&#038;p=17897"},"modified":"2026-05-13T12:43:52","modified_gmt":"2026-05-13T10:43:52","slug":"monitor-lcd-17-samsung-740b-38-2026-2-2","status":"publish","type":"product","link":"https:\/\/zsdpb.edu.pl\/index.php\/produkt\/monitor-lcd-17-samsung-740b-38-2026-2-2\/","title":{"rendered":"MONITOR LCD 17\u201d SAMSUNG 740B (38\/2026\/2)"},"content":{"rendered":"<ul>\n<li>Monitor LCD 17\u201d SAMSUNG 740B wyprodukowany w 2004 r.<\/li>\n<li>Sprawny \u2013 przestarza\u0142y model.<\/li>\n<\/ul>\n<p style=\"font-style: italic;\">Og\u0142oszenie wyga\u015bnie o godzinie: 23:59 dnia:  27-05-2026<\/p>\n","protected":false},"excerpt":{"rendered":"<p>Monitor LCD 17\u201d SAMSUNG 740B wyprodukowany w 2004 r. Sprawny \u2013 przestarza\u0142y model. Og\u0142oszenie wyga\u015bnie o godzinie: 23:59 dnia: 27-05-2026<\/p>\n","protected":false},"featured_media":17811,"comment_status":"closed","ping_status":"closed","template":"","meta":[],"product_brand":[],"product_cat":[10],"product_tag":[],"class_list":{"0":"post-17897","1":"product","2":"type-product","3":"status-publish","4":"has-post-thumbnail","6":"product_cat-darowizna","8":"first","9":"instock","10":"shipping-taxable","11":"purchasable","12":"product-type-simple"},"publishpress_future_action":{"enabled":true,"date":"2026-05-27 23:59:00","action":"change-status","newStatus":"draft","terms":[0],"taxonomy":"product_cat","extraData":[]},"publishpress_future_workflow_manual_trigger":{"enabledWorkflows":[]},"_links":{"self":[{"href":"https:\/\/zsdpb.edu.pl\/index.php\/wp-json\/wp\/v2\/product\/17897","targetHints":{"allow":["GET"]}}],"collection":[{"href":"https:\/\/zsdpb.edu.pl\/index.php\/wp-json\/wp\/v2\/product"}],"about":[{"href":"https:\/\/zsdpb.edu.pl\/index.php\/wp-json\/wp\/v2\/types\/product"}],"replies":[{"embeddable":true,"href":"https:\/\/zsdpb.edu.pl\/index.php\/wp-json\/wp\/v2\/comments?post=17897"}],"wp:featuredmedia":[{"embeddable":true,"href":"https:\/\/zsdpb.edu.pl\/index.php\/wp-json\/wp\/v2\/media\/17811"}],"wp:attachment":[{"href":"https:\/\/zsdpb.edu.pl\/index.php\/wp-json\/wp\/v2\/media?parent=17897"}],"wp:term":[{"taxonomy":"product_brand","embeddable":true,"href":"https:\/\/zsdpb.edu.pl\/index.php\/wp-json\/wp\/v2\/product_brand?post=17897"},{"taxonomy":"product_cat","embeddable":true,"href":"https:\/\/zsdpb.edu.pl\/index.php\/wp-json\/wp\/v2\/product_cat?post=17897"},{"taxonomy":"product_tag","embeddable":true,"href":"https:\/\/zsdpb.edu.pl\/index.php\/wp-json\/wp\/v2\/product_tag?post=17897"}],"curies":[{"name":"wp","href":"https:\/\/api.w.org\/{rel}","templated":true}]}}