{"id":5493,"date":"2017-07-20T12:58:38","date_gmt":"2017-07-20T10:58:38","guid":{"rendered":"http:\/\/zsdpb.edu.pl\/?post_type=product&#038;p=5493"},"modified":"2017-11-30T08:19:50","modified_gmt":"2017-11-30T07:19:50","slug":"kopiorama-offsetowa-kp-b2-7020174","status":"publish","type":"product","link":"https:\/\/zsdpb.edu.pl\/index.php\/produkt\/kopiorama-offsetowa-kp-b2-7020174\/","title":{"rendered":"KOPIORAMA OFFSETOWA  KP-B2 70\/2017\/4"},"content":{"rendered":"<ul>\n<li>Kopiorama offsetowa KP-B2 zakupiona w 1996 r.<\/li>\n<li>Sprawna.<\/li>\n<li>Kopiorama przeznaczona jest do na\u015bwietlania blach offsetowych.<\/li>\n<li>Wymiary: wysoko\u015b\u0107 \u2013 122 cm, szeroko\u015b\u0107 \u2013 94 cm, g\u0142\u0119boko\u015b\u0107 \u2013 78 cm.<\/li>\n<\/ul>\n<p><a href=\"https:\/\/zsdpb.edu.pl\/wp-content\/uploads\/2017\/07\/70.2017.4.pdf\">Wycena &gt;&gt;&gt;<\/a><\/p>\n","protected":false},"excerpt":{"rendered":"<p><a href=\"https:\/\/zsdpb.edu.pl\/wp-content\/uploads\/2017\/07\/70.2017.4.pdf\">Wycena &gt;&gt;&gt;<\/a><\/p>\n","protected":false},"featured_media":5584,"comment_status":"open","ping_status":"closed","template":"","meta":[],"product_brand":[],"product_cat":[40],"product_tag":[],"class_list":{"0":"post-5493","1":"product","2":"type-product","3":"status-publish","4":"has-post-thumbnail","6":"product_cat-sprzedaz","8":"first","9":"outofstock","10":"sold-individually","11":"shipping-taxable","12":"purchasable","13":"product-type-simple"},"publishpress_future_action":{"enabled":false,"date":"2026-04-12 17:44:42","action":"change-status","newStatus":"draft","terms":[],"taxonomy":"product_cat","extraData":[]},"publishpress_future_workflow_manual_trigger":{"enabledWorkflows":[]},"_links":{"self":[{"href":"https:\/\/zsdpb.edu.pl\/index.php\/wp-json\/wp\/v2\/product\/5493","targetHints":{"allow":["GET"]}}],"collection":[{"href":"https:\/\/zsdpb.edu.pl\/index.php\/wp-json\/wp\/v2\/product"}],"about":[{"href":"https:\/\/zsdpb.edu.pl\/index.php\/wp-json\/wp\/v2\/types\/product"}],"replies":[{"embeddable":true,"href":"https:\/\/zsdpb.edu.pl\/index.php\/wp-json\/wp\/v2\/comments?post=5493"}],"wp:featuredmedia":[{"embeddable":true,"href":"https:\/\/zsdpb.edu.pl\/index.php\/wp-json\/wp\/v2\/media\/5584"}],"wp:attachment":[{"href":"https:\/\/zsdpb.edu.pl\/index.php\/wp-json\/wp\/v2\/media?parent=5493"}],"wp:term":[{"taxonomy":"product_brand","embeddable":true,"href":"https:\/\/zsdpb.edu.pl\/index.php\/wp-json\/wp\/v2\/product_brand?post=5493"},{"taxonomy":"product_cat","embeddable":true,"href":"https:\/\/zsdpb.edu.pl\/index.php\/wp-json\/wp\/v2\/product_cat?post=5493"},{"taxonomy":"product_tag","embeddable":true,"href":"https:\/\/zsdpb.edu.pl\/index.php\/wp-json\/wp\/v2\/product_tag?post=5493"}],"curies":[{"name":"wp","href":"https:\/\/api.w.org\/{rel}","templated":true}]}}