{"id":7087,"date":"2018-04-30T11:35:41","date_gmt":"2018-04-30T09:35:41","guid":{"rendered":"https:\/\/zsdpb.edu.pl\/?post_type=product&#038;p=7087"},"modified":"2018-05-28T08:12:42","modified_gmt":"2018-05-28T06:12:42","slug":"stol-serwisowy-44-2018-3","status":"publish","type":"product","link":"https:\/\/zsdpb.edu.pl\/index.php\/produkt\/stol-serwisowy-44-2018-3\/","title":{"rendered":"ST\u00d3\u0141 SERWISOWY  44\/2018\/3"},"content":{"rendered":"<ul>\n<li>St\u00f3\u0142 serwisowy zakupiony w 1984 r.<\/li>\n<li>Nadaje si\u0119 do dalszego u\u017cytkowania.<\/li>\n<li>Szafka zamykana na kluczyk; w \u015brodku brak p\u00f3\u0142ek.<\/li>\n<li>Wymiary: szeroko\u015b\u0107 \u2013 120 cm, g\u0142\u0119boko\u015b\u0107 \u2013 60 cm, wysoko\u015b\u0107 \u2013 77 cm.<\/li>\n<\/ul>\n<p style=\"text-align: center\">\n","protected":false},"excerpt":{"rendered":"<p>St\u00f3\u0142 serwisowy zakupiony w 1984 r. Nadaje si\u0119 do dalszego u\u017cytkowania. Szafka zamykana na kluczyk; w \u015brodku brak p\u00f3\u0142ek. Wymiary: szeroko\u015b\u0107 \u2013 120 cm, g\u0142\u0119boko\u015b\u0107 \u2013 60 cm, wysoko\u015b\u0107 \u2013 77 cm.<\/p>\n","protected":false},"featured_media":7088,"comment_status":"closed","ping_status":"closed","template":"","meta":[],"product_brand":[],"product_cat":[40],"product_tag":[],"class_list":{"0":"post-7087","1":"product","2":"type-product","3":"status-publish","4":"has-post-thumbnail","6":"product_cat-sprzedaz","8":"first","9":"instock","10":"sold-individually","11":"shipping-taxable","12":"product-type-auction"},"publishpress_future_action":{"enabled":false,"date":"2026-04-26 10:58:21","action":"change-status","newStatus":"draft","terms":[],"taxonomy":"product_cat","extraData":[]},"publishpress_future_workflow_manual_trigger":{"enabledWorkflows":[]},"_links":{"self":[{"href":"https:\/\/zsdpb.edu.pl\/index.php\/wp-json\/wp\/v2\/product\/7087","targetHints":{"allow":["GET"]}}],"collection":[{"href":"https:\/\/zsdpb.edu.pl\/index.php\/wp-json\/wp\/v2\/product"}],"about":[{"href":"https:\/\/zsdpb.edu.pl\/index.php\/wp-json\/wp\/v2\/types\/product"}],"replies":[{"embeddable":true,"href":"https:\/\/zsdpb.edu.pl\/index.php\/wp-json\/wp\/v2\/comments?post=7087"}],"wp:featuredmedia":[{"embeddable":true,"href":"https:\/\/zsdpb.edu.pl\/index.php\/wp-json\/wp\/v2\/media\/7088"}],"wp:attachment":[{"href":"https:\/\/zsdpb.edu.pl\/index.php\/wp-json\/wp\/v2\/media?parent=7087"}],"wp:term":[{"taxonomy":"product_brand","embeddable":true,"href":"https:\/\/zsdpb.edu.pl\/index.php\/wp-json\/wp\/v2\/product_brand?post=7087"},{"taxonomy":"product_cat","embeddable":true,"href":"https:\/\/zsdpb.edu.pl\/index.php\/wp-json\/wp\/v2\/product_cat?post=7087"},{"taxonomy":"product_tag","embeddable":true,"href":"https:\/\/zsdpb.edu.pl\/index.php\/wp-json\/wp\/v2\/product_tag?post=7087"}],"curies":[{"name":"wp","href":"https:\/\/api.w.org\/{rel}","templated":true}]}}