{"id":7158,"date":"2018-05-30T13:49:14","date_gmt":"2018-05-30T11:49:14","guid":{"rendered":"https:\/\/zsdpb.edu.pl\/?post_type=product&#038;p=7158"},"modified":"2018-10-04T10:28:27","modified_gmt":"2018-10-04T08:28:27","slug":"maszyna-do-sprzatania-szorowarka-taski-54-2018-1","status":"publish","type":"product","link":"https:\/\/zsdpb.edu.pl\/index.php\/produkt\/maszyna-do-sprzatania-szorowarka-taski-54-2018-1\/","title":{"rendered":"MASZYNA DO SPRZ\u0104TANIA (SZOROWARKA) TASKI 54\/2018\/1"},"content":{"rendered":"<ul>\n<li><span style=\"color: #000000;font-family: georgia,palatino,serif;font-size: 12pt\"><span style=\"margin: 0px\">Maszyna do sprz\u0105tania (szorowarka) TASKI o numerze fabrycznym 8232\/5 wyprodukowana w 1998 r.<\/span><\/span><\/li>\n<li><span style=\"color: #000000;font-family: georgia,palatino,serif;font-size: 12pt\"><span style=\"margin: 0px\">Typ urz\u0105dzenia: COMBIMAT 1000E.<\/span><\/span><\/li>\n<li><span style=\"color: #000000;font-family: georgia,palatino,serif;font-size: 12pt\"><span style=\"margin: 0px\">Sprz\u0119t sprawny, przestarza\u0142y.<\/span><\/span><\/li>\n<\/ul>\n<p><span style=\"color: #000000;font-family: georgia,palatino,serif;font-size: 12pt\">\u00a0<\/span><\/p>\n<p align=\"center\"><span style=\"margin: 0px;color: blue;font-family: georgia,palatino,serif;font-size: 12pt\">\u00a0<\/span><\/p>\n<p align=\"center\"><span style=\"margin: 0px;color: blue;font-family: georgia,palatino,serif;font-size: 12pt\">\u00a0<\/span><\/p>\n<p align=\"center\"><span style=\"margin: 0px;color: blue;font-family: georgia,palatino,serif;font-size: 12pt\">\u00a0<\/span><\/p>\n<p align=\"center\"><span style=\"margin: 0px;font-family: georgia,palatino,serif;font-size: 12pt\"><span style=\"color: #000000\">\u00a0<\/span><\/span><\/p>\n<p><span style=\"color: #000000;font-family: georgia,palatino,serif;font-size: 12pt\">\u00a0<\/span><\/p>\n","protected":false},"excerpt":{"rendered":"<p>Maszyna do sprz\u0105tania (szorowarka) TASKI o numerze fabrycznym 8232\/5 wyprodukowana w 1998 r. Typ urz\u0105dzenia: COMBIMAT 1000E. Sprz\u0119t sprawny, przestarza\u0142y. \u00a0 \u00a0 \u00a0 \u00a0 \u00a0 \u00a0<\/p>\n","protected":false},"featured_media":7159,"comment_status":"closed","ping_status":"closed","template":"","meta":[],"product_brand":[],"product_cat":[41],"product_tag":[],"class_list":{"0":"post-7158","1":"product","2":"type-product","3":"status-publish","4":"has-post-thumbnail","6":"product_cat-bez-kategorii","8":"first","9":"instock","10":"sold-individually","11":"shipping-taxable","12":"product-type-auction"},"publishpress_future_action":{"enabled":false,"date":"2026-05-05 02:12:00","action":"change-status","newStatus":"draft","terms":[],"taxonomy":"product_cat","extraData":[]},"publishpress_future_workflow_manual_trigger":{"enabledWorkflows":[]},"_links":{"self":[{"href":"https:\/\/zsdpb.edu.pl\/index.php\/wp-json\/wp\/v2\/product\/7158","targetHints":{"allow":["GET"]}}],"collection":[{"href":"https:\/\/zsdpb.edu.pl\/index.php\/wp-json\/wp\/v2\/product"}],"about":[{"href":"https:\/\/zsdpb.edu.pl\/index.php\/wp-json\/wp\/v2\/types\/product"}],"replies":[{"embeddable":true,"href":"https:\/\/zsdpb.edu.pl\/index.php\/wp-json\/wp\/v2\/comments?post=7158"}],"wp:featuredmedia":[{"embeddable":true,"href":"https:\/\/zsdpb.edu.pl\/index.php\/wp-json\/wp\/v2\/media\/7159"}],"wp:attachment":[{"href":"https:\/\/zsdpb.edu.pl\/index.php\/wp-json\/wp\/v2\/media?parent=7158"}],"wp:term":[{"taxonomy":"product_brand","embeddable":true,"href":"https:\/\/zsdpb.edu.pl\/index.php\/wp-json\/wp\/v2\/product_brand?post=7158"},{"taxonomy":"product_cat","embeddable":true,"href":"https:\/\/zsdpb.edu.pl\/index.php\/wp-json\/wp\/v2\/product_cat?post=7158"},{"taxonomy":"product_tag","embeddable":true,"href":"https:\/\/zsdpb.edu.pl\/index.php\/wp-json\/wp\/v2\/product_tag?post=7158"}],"curies":[{"name":"wp","href":"https:\/\/api.w.org\/{rel}","templated":true}]}}