{"id":8405,"date":"2019-04-12T11:23:25","date_gmt":"2019-04-12T09:23:25","guid":{"rendered":"https:\/\/zsdpb.edu.pl\/?post_type=product&#038;p=8405"},"modified":"2019-06-02T17:32:06","modified_gmt":"2019-06-02T15:32:06","slug":"czestosciomierz-cz3-69-26-2019-12","status":"publish","type":"product","link":"https:\/\/zsdpb.edu.pl\/index.php\/produkt\/czestosciomierz-cz3-69-26-2019-12\/","title":{"rendered":"Cz\u0119sto\u015bciomierz Cz3-69  26\/2019\/12"},"content":{"rendered":"<ul>\n<li>Cz\u0119sto\u015bciomierz Cz3-69 przyj\u0119ty na ewidencje w 1997 roku, wyprodukowano w ZSRR.<\/li>\n<li>Przestarza\u0142y, od dawna nieu\u017cytkowany, stan jak na zdj\u0119ciu.<\/li>\n<\/ul>\n","protected":false},"excerpt":{"rendered":"<p>Cz\u0119sto\u015bciomierz Cz3-69 przyj\u0119ty na ewidencje w 1997 roku, wyprodukowano w ZSRR. Przestarza\u0142y, od dawna nieu\u017cytkowany, stan jak na zdj\u0119ciu.<\/p>\n","protected":false},"featured_media":8406,"comment_status":"closed","ping_status":"closed","template":"","meta":[],"product_brand":[],"product_cat":[40],"product_tag":[],"class_list":{"0":"post-8405","1":"product","2":"type-product","3":"status-publish","4":"has-post-thumbnail","6":"product_cat-sprzedaz","8":"first","9":"outofstock","10":"sold-individually","11":"shipping-taxable","12":"product-type-auction"},"publishpress_future_action":{"enabled":false,"date":"2026-04-12 09:36:48","action":"change-status","newStatus":"draft","terms":[],"taxonomy":"product_cat","extraData":[]},"publishpress_future_workflow_manual_trigger":{"enabledWorkflows":[]},"_links":{"self":[{"href":"https:\/\/zsdpb.edu.pl\/index.php\/wp-json\/wp\/v2\/product\/8405","targetHints":{"allow":["GET"]}}],"collection":[{"href":"https:\/\/zsdpb.edu.pl\/index.php\/wp-json\/wp\/v2\/product"}],"about":[{"href":"https:\/\/zsdpb.edu.pl\/index.php\/wp-json\/wp\/v2\/types\/product"}],"replies":[{"embeddable":true,"href":"https:\/\/zsdpb.edu.pl\/index.php\/wp-json\/wp\/v2\/comments?post=8405"}],"wp:featuredmedia":[{"embeddable":true,"href":"https:\/\/zsdpb.edu.pl\/index.php\/wp-json\/wp\/v2\/media\/8406"}],"wp:attachment":[{"href":"https:\/\/zsdpb.edu.pl\/index.php\/wp-json\/wp\/v2\/media?parent=8405"}],"wp:term":[{"taxonomy":"product_brand","embeddable":true,"href":"https:\/\/zsdpb.edu.pl\/index.php\/wp-json\/wp\/v2\/product_brand?post=8405"},{"taxonomy":"product_cat","embeddable":true,"href":"https:\/\/zsdpb.edu.pl\/index.php\/wp-json\/wp\/v2\/product_cat?post=8405"},{"taxonomy":"product_tag","embeddable":true,"href":"https:\/\/zsdpb.edu.pl\/index.php\/wp-json\/wp\/v2\/product_tag?post=8405"}],"curies":[{"name":"wp","href":"https:\/\/api.w.org\/{rel}","templated":true}]}}